base 15
-533
Convert 2570 (base 10) to base 5.
40240
What is -4dc (base 16) in base 3?
-1201002
111000111000 (base 2) to base 3
11222211
1289 (base 14) to base 9
4418
-135d (base 16) to base 9
-6717
122201 (base 3) to base 15
21d
Convert -20ee (base 15) to base 4.
-1230332
What is 13147 (base 12) in base 9?
38741
Convert 21140 (base 7) to base 11.
3a18
Convert 21a5 (base 15) to base 12.
4162
What is -4123300 (base 5) in base 7?
-400166
2204302 (base 5) to base 16
94bd
What is -202 (base 6) in base 3?
-2202
Convert -d4b3 (base 16) to base 2.
-1101010010110011
Convert 1332123 (base 4) to base 11.
6096
What is -11010111000 (base 2) in base 5?
-23340
Convert 2413 (base 6) to base 15.
290
-13704 (base 8) to base 16
-17c4
1210201 (base 3) to base 13
7a2
Convert c13 (base 15) to base 11.
2051
e0 (base 16) to base 3
22022
Convert 245174 (base 8) to base 7.
501442
Convert -200211 (base 3) to base 5.
-4013
What is -641 (base 8) in base 16?
-1a1
Convert -3642 (base 9) to base 15.
-c0b
13411 (base 5) to base 4
101102
Convert -206 (base 16) to base 8.
-1006
-1146 (base 10) to base 4
-101322
What is -11020021 (base 4) in base 7?
-115141
30227 (base 8) to base 15
3a44
-5dbd (base 16) to base 5
-1231442
Convert -5888 (base 9) to base 12.
-2645
What is 1055 (base 7) in base 6?
1435
-585 (base 16) to base 13
-849
What is -1104140 (base 5) in base 3?
-222110122
Convert 122322 (base 4) to base 3.
2100210
What is 528 (base 12) in base 13?
45b
-1433 (base 11) to base 14
-963
-4361 (base 7) to base 6
-11122
What is -1200011 (base 4) in base 10?
-6149
What is 2b24 (base 14) in base 4?
1313330
What is 112312 (base 4) in base 16?
5b6
Convert -10011100101000 (base 2) to base 4.
-2130220
What is -1c3b (base 13) in base 4?
-1002303
Convert 43 (base 7) to base 3.
1011
35520 (base 6) to base 9
7063
What is -5ba (base 13) in base 15?
-468
What is 1342204 (base 5) in base 14?
a1c0
Convert -2084 (base 13) to base 4.
-1012112
-d94 (base 14) to base 4
-221312
What is a8 (base 12) in base 5?
1003
573 (base 8) to base 15
1a4
Convert 35136 (base 8) to base 2.
11101001011110
Convert -57614 (base 10) to base 13.
-202bb
What is -8156 (base 12) in base 8?
-33322
Convert 1011011010 (base 2) to base 16.
2da
What is 1011111110011 (base 2) in base 3?
22102002
What is 682 (base 9) in base 5?
4220
-110010001110 (base 2) to base 5
-100324
652 (base 8) to base 14
226
What is 24314 (base 5) in base 15?
824
What is 28493 (base 12) in base 16?
daaf
What is 2406 (base 7) in base 11?
738
14246 (base 8) to base 2
1100010100110
Convert -4512 (base 6) to base 15.
-4a2
What is -2266 (base 9) in base 8?
-3220
What is -101a (base 13) in base 10?
-2220
-1 (base 13) to base 7
-1
What is -1363a (base 13) in base 11?
-25233
1010011101 (base 2) to base 7
1644
Convert -19b6 (base 14) to base 16.
-123c
115420 (base 7) to base 9
31881
Convert b8b (base 15) to base 9.
3515
Convert 3013 (base 5) to base 3.
112012
Convert 8a4a (base 14) to base 7.
126623
Convert -110233 (base 8) to base 10.
-37019
-312304 (base 5) to base 12
-5b89
-57a3 (base 11) to base 2
-1110110111111
What is -32e (base 16) in base 9?
-1104
What is 1011110110111 (base 2) in base 15?
1beb
Convert -1310 (base 14) to base 12.
-1b2a
Convert 6432 (base 8) to base 9.
4536
c58a (base 15) to base 7
232510
What is -10212012 (base 4) in base 12?
-aa86
What is 10011100010000 (base 2) in base 16?
2710
Convert 23132 (base 6) to base 15.
e9b
2001213 (base 4) to base 3
102101020
What is -1866 (base 12) in base 13?
-1467
What is -738 (base 16) in base 5?
-24343
34 (base 7) to base 3
221
11105 (base 7) to base 13
1373
What is -1465 (base 8) in base 5?
-11241
What is 802 (base 13) in base 7?
3643
What is -2333 (base 6) in base 15?
-276
-110012 (base 3) to base 15
-16e
What is -3313 (base 6) in base 13?
-46b
What is 1c3e (base 15) in base 4?
1133312
What is 5122 (base 8) in base 15?
bb2
Convert 1100000111 (base 2) to base 12.
547
Convert -2566 (base 9) to base 13.
-b4c
Convert -860 (base 14) to base 12.
-b58
What is 240 (base 9) in base 5?
1243
2010 (base 5) to base 14
143
-455 (base 16) to base 11
-919
-6ecb (base 15) to base 4
-11300213
2968 (base 10) to base 11
2259
What is -43d (base 16) in base 12?
-765
-2783 (base 10) to base 13
-1361
1bc (base 13) to base 15
169
What is 130 (base 11) in base 9?
181
What is -1 (base 8) in base 9?
-1
Convert -4432 (base 5) to base 10.
-617
What is -61a5 (base 11) in base 15?
-2682
345 (base 11) to base 12
2a4
Convert -1921 (base 12) to base 2.
-101111101001
What is -11110101 (base 2) in base 5?
-1440
2323 (base 6) to base 14
2b9
78 (base 13) to base 14
71
Convert -213010 (base 4) to base 8.
-4704
Convert -7b3 (base 12) to base 15.
-513
What is -3340 (base 9) in base 11?
-1942
13231133 (base 4) to base 14
b71d
Convert -2429 (base 10) to base 8.
-4575
-3b4 (base 15) to base 7
-2314
Convert -2111200121 (base 3) to base 13.
-195ca
What is -26713 (base 9) in base 6?
-215403
What is -2311 (base 5) in base 10?
-331
Convert -33103110 (base 4) to base 8.
-172324
What is 298 (base 11) in base 4?
11131
What is -2102221200 (base 3) in base 5?
-3014303
What is 1c6 (base 14) in base 8?
562
Convert -136 (base 14) to base 11.
-202
-82 (base 15) to base 10
-122
Convert 139d (base 15) to base 12.
251a
19 (base 11) to base 5
40
Convert 20662 (base 8) to base 14.
3202
Convert -244 (base 13) to base 14.
-202
2113133 (base 4) to base 8
22737
What is -20413 (base 6) in base 11?
-2076
What is -570 (base 11) in base 6?
-3054
Convert 50d8 (base 14) to base 8.
33126
What is 10010111001110 (base 2) in base 5?
302203
Convert 1eb (base 15) to base 4.
12332
Convert 5178 (base 9) to base 6.
25325
What is -535 (base 14) in base 3?
-1102001
Convert b71 (base 15) to base 9.
3477
What is 1794 (base 10) in base 12?
1056
What is -5031 (base 13) in base 3?
-120010100
54825 (base 10) to base 6
1101453
Convert 111110001100 (base 2) to base 15.
12a5
Convert -5a (base 14) to base 11.
-73
Convert -1213 (base 5) to base 3.
-20210
What is -112212 (base 3) in base 8?
-621
What is -210213 (base 4) in base 7?
-6555
What is 104 (base 15) in base 7?
445
363 (base 13) to base 5
4323
What is 9062 (base 13) in base 6?
231525
Convert -2221 (base 10) to base 4.
-202231
Convert 111 (base 9) to base 8.
133
Convert -121727 (base 8) to base 5.
-2320233
Convert -330340 (base 6) to base 5.
-1333343
Convert db5 (base 14) to base 10.
2707
What is -2470 (base 12) in base 5?
-112431
26149 (base 12) to base 4
30231021
What is 3468 (base 9) in base 12?
15a5
What is -2175 (base 9) in base 16?
-647
What is 220302 (base 4) in base 12?
1616
-21110 (base 3) to base 7
-405
4661 (base 9) to base 7
13036
-352 (base 10) to base 2
-101100000
12101 (base 8) to base 5
131220
-1201 (base 4) to base 7
-166
What is -a207 (base 11) in base 14?
-4d27
What is 309 (base 12) in base 6?
2013
What is 656 (base 9) in base 6?
2253
-3175 (base 9) to base 14
-bcc
122111 (base 3) to base 9
574
What is -1a4 (base 12) in base 15?
-12d
Convert -423 (base 11) to base 2.
-111111101
What is -1220201 (base 3) in base 10?
-1396
What is 329 (base 16) in base 5?
11214
Convert 929 (base 10) to base 15.
41e
30b5 (base 15) to base 11
780a
2000221 (base 3) to base 11
1129
What is 3230230 (base 5) in base 12?
27a49
What is -13013 (base 6) in base 5?
-30303
35514 (base 12) to base 3
10122012021
10111110111 (base 2) to base 14
7b1
What is -3481 (base 14) in base 8?
-21651
-152016 (base 8) to base 12
-274ba
-101443 (base 5) to base 3
-11121221
101010000101 (base 2) to base 6
20245
Convert a3 (base 12) to base 5.
443
What is -322 (base 6) in base 14?
-8a
-40135 (base 6) to base 9
-7165
Convert -21 (base 3) to base 12.
-7
What is -2021 (base 12) in base 2?
-110110011001
Convert -836 (base 9) to base 6.
-3053
Convert 684 (base 16) to base 3.
2021210
Convert -212222110 (base 3) to base 11.
-12152
-21254 (base 12) to base 2
-1010101000100000
What is -52 (base 8) in base 16?
-2a
Convert 683 (base 10) to base 5.
10213
What is -6212 (base 7) in base 14?
-b09
What is 330011 (base 4) in base 8?
7405
Convert -4172 (base 16) to base 13.
-781a
What is -3111 (base 6) in base 14?
-375
What is 2708 (base 15) in base 13?
3a40
Convert -1324 (base 7) to base 16.
-1fc
What is -20372 (base 9) in base 8?
-32166
Convert 771 (base 9) to base 13.
397
3334 